{"id":7887,"date":"2023-06-23T17:05:58","date_gmt":"2023-06-23T17:05:58","guid":{"rendered":"https:\/\/corpmedec.med.ec\/?post_type=product&#038;p=7887"},"modified":"2023-06-23T17:05:58","modified_gmt":"2023-06-23T17:05:58","slug":"tubo-de-alimentacion","status":"publish","type":"product","link":"https:\/\/corpmedec.med.ec\/?product=tubo-de-alimentacion","title":{"rendered":"TUBO DE ALIMENTACI\u00d3N"},"content":{"rendered":"<ul>\n<li>L\u00ednea radiocapa e impresi\u00f3n de n\u00fameros.<\/li>\n<li>Tubo transparente y termoflexible.<\/li>\n<li>Conexi\u00f3n universal.<\/li>\n<li>PVC grado m\u00e9dico, libre de l\u00e1tex.<\/li>\n<\/ul>\n","protected":false},"excerpt":{"rendered":"<p>L\u00ednea radiocapa e impresi\u00f3n de n\u00fameros. Tubo transparente y termoflexible. Conexi\u00f3n universal. PVC grado m\u00e9dico, libre de l\u00e1tex.<\/p>\n","protected":false},"featured_media":7888,"template":"","meta":[],"product_brand":[],"product_cat":[186],"product_tag":[],"class_list":{"0":"post-7887","1":"product","2":"type-product","3":"status-publish","4":"has-post-thumbnail","6":"product_cat-terapia-respiratoria","8":"first","9":"instock","10":"shipping-taxable","11":"product-type-simple"},"_links":{"self":[{"href":"https:\/\/corpmedec.med.ec\/index.php?rest_route=\/wp\/v2\/product\/7887","targetHints":{"allow":["GET"]}}],"collection":[{"href":"https:\/\/corpmedec.med.ec\/index.php?rest_route=\/wp\/v2\/product"}],"about":[{"href":"https:\/\/corpmedec.med.ec\/index.php?rest_route=\/wp\/v2\/types\/product"}],"wp:featuredmedia":[{"embeddable":true,"href":"https:\/\/corpmedec.med.ec\/index.php?rest_route=\/wp\/v2\/media\/7888"}],"wp:attachment":[{"href":"https:\/\/corpmedec.med.ec\/index.php?rest_route=%2Fwp%2Fv2%2Fmedia&parent=7887"}],"wp:term":[{"taxonomy":"product_brand","embeddable":true,"href":"https:\/\/corpmedec.med.ec\/index.php?rest_route=%2Fwp%2Fv2%2Fproduct_brand&post=7887"},{"taxonomy":"product_cat","embeddable":true,"href":"https:\/\/corpmedec.med.ec\/index.php?rest_route=%2Fwp%2Fv2%2Fproduct_cat&post=7887"},{"taxonomy":"product_tag","embeddable":true,"href":"https:\/\/corpmedec.med.ec\/index.php?rest_route=%2Fwp%2Fv2%2Fproduct_tag&post=7887"}],"curies":[{"name":"wp","href":"https:\/\/api.w.org\/{rel}","templated":true}]}}